{"id":56,"date":"2023-06-15T05:08:50","date_gmt":"2023-06-15T03:08:50","guid":{"rendered":"https:\/\/www.siagcaffe.it\/nuovo\/prodotto\/sweet-coffee-cream-crema-caffe-fredda"},"modified":"2026-04-13T18:10:10","modified_gmt":"2026-04-13T16:10:10","slug":"sweet-coffee-cream-crema-caffe-fredda","status":"publish","type":"product","link":"https:\/\/www.siagcaffe.it\/shop\/prodotto\/sweet-coffee-cream-crema-caffe-fredda\/","title":{"rendered":"Sweet Coffee Cream &#8211; Crema Caff\u00e8 Fredda"},"content":{"rendered":"<p>1 Crema Caffe&#8217; Fredda Siag<\/p>\n<p>Sweet Cream \u00e8 ultima novit\u00e0 in casa Siag per offrire un break fresco e veloce dal gusto inconfondibile del nostro caff\u00e8. Prodotto a base di latte a lunga conservazione.<\/p>\n<p>Questa crema fredda caff\u00e8 \u00e8 Basata sull&#8217;ascolto delle esigenze dei nostri clienti e una profonda comprensione dei loro desideri offriamo una gamma di prodotti e servizi di qualit\u00e0 nel mondo del caff\u00e8. La nostra anima italiana ci spinge ogni giorno con grande passione a dare il meglio di noi stessi. Pu\u00f2 essere preparata anche con una macchina per crema caff\u00e8 fredda da bar. Le nostre parole chiave sono: accessibile, sorprendente e Sostenibile.<\/p>\n<p>I Nostri Caff\u00e8 e Solubili vengono Selezionati con la massima cura dai Nostri MAESTRI Torrefattori, quindi garantiamo l&#8217;ottima esperienza di gusto!<\/p>\n","protected":false},"excerpt":{"rendered":"<p>1 Crema Caffe&#8217; Fredda Siag Sweet Cream \u00e8 ultima novit\u00e0 in casa Siag per offrire un break fresco e veloce dal gusto inconfondibile del nostro caff\u00e8. Prodotto a base di [&hellip;]<\/p>\n","protected":false},"featured_media":57,"comment_status":"closed","ping_status":"closed","template":"","meta":{"_joinchat":[]},"product_brand":[],"product_cat":[23],"product_tag":[],"class_list":{"0":"post-56","1":"product","2":"type-product","3":"status-publish","4":"has-post-thumbnail","6":"product_cat-accessori","8":"first","9":"instock","10":"purchasable","11":"product-type-simple"},"yoast_head":"<!-- This site is optimized with the Yoast SEO plugin v27.1.1 - https:\/\/yoast.com\/product\/yoast-seo-wordpress\/ -->\n<title>Sweet Coffee Cream - Crema Caff\u00e8 Fredda - Caff\u00e8 Siag<\/title>\n<meta name=\"description\" content=\"Sweet Cream \u00e8 ultima novit\u00e0 in casa Siag per offrire un break fresco e veloce dal gusto inconfondibile del nostro caff\u00e8: acquistala ora dal nostro sito!\" \/>\n<meta name=\"robots\" content=\"index, follow, max-snippet:-1, max-image-preview:large, max-video-preview:-1\" \/>\n<link rel=\"canonical\" href=\"https:\/\/www.siagcaffe.it\/shop\/prodotto\/sweet-coffee-cream-crema-caffe-fredda\/\" \/>\n<meta property=\"og:locale\" content=\"it_IT\" \/>\n<meta property=\"og:type\" content=\"article\" \/>\n<meta property=\"og:title\" content=\"Sweet Coffee Cream - Crema Caff\u00e8 Fredda - Caff\u00e8 Siag\" \/>\n<meta property=\"og:description\" content=\"Sweet Cream \u00e8 ultima novit\u00e0 in casa Siag per offrire un break fresco e veloce dal gusto inconfondibile del nostro caff\u00e8: acquistala ora dal nostro sito!\" \/>\n<meta property=\"og:url\" content=\"https:\/\/www.siagcaffe.it\/shop\/prodotto\/sweet-coffee-cream-crema-caffe-fredda\/\" \/>\n<meta property=\"og:site_name\" content=\"Caff\u00e8 Siag\" \/>\n<meta property=\"article:publisher\" content=\"https:\/\/www.facebook.com\/SiagCaffeOfficial\" \/>\n<meta property=\"article:modified_time\" content=\"2026-04-13T16:10:10+00:00\" \/>\n<meta property=\"og:image\" content=\"https:\/\/www.siagcaffe.it\/shop\/wp-content\/uploads\/2023\/06\/sweet-coffee-cream.jpg\" \/>\n\t<meta property=\"og:image:width\" content=\"942\" \/>\n\t<meta property=\"og:image:height\" content=\"942\" \/>\n\t<meta property=\"og:image:type\" content=\"image\/jpeg\" \/>\n<meta name=\"twitter:card\" content=\"summary_large_image\" \/>\n<meta name=\"twitter:label1\" content=\"Tempo di lettura stimato\" \/>\n\t<meta name=\"twitter:data1\" content=\"1 minuto\" \/>\n<script type=\"application\/ld+json\" class=\"yoast-schema-graph\">{\"@context\":\"https:\/\/schema.org\",\"@graph\":[{\"@type\":\"WebPage\",\"@id\":\"https:\/\/www.siagcaffe.it\/shop\/prodotto\/sweet-coffee-cream-crema-caffe-fredda\/\",\"url\":\"https:\/\/www.siagcaffe.it\/shop\/prodotto\/sweet-coffee-cream-crema-caffe-fredda\/\",\"name\":\"Sweet Coffee Cream - Crema Caff\u00e8 Fredda - Caff\u00e8 Siag\",\"isPartOf\":{\"@id\":\"https:\/\/www.siagcaffe.it\/shop\/#website\"},\"primaryImageOfPage\":{\"@id\":\"https:\/\/www.siagcaffe.it\/shop\/prodotto\/sweet-coffee-cream-crema-caffe-fredda\/#primaryimage\"},\"image\":{\"@id\":\"https:\/\/www.siagcaffe.it\/shop\/prodotto\/sweet-coffee-cream-crema-caffe-fredda\/#primaryimage\"},\"thumbnailUrl\":\"https:\/\/www.siagcaffe.it\/shop\/wp-content\/uploads\/2023\/06\/sweet-coffee-cream.jpg\",\"datePublished\":\"2023-06-15T03:08:50+00:00\",\"dateModified\":\"2026-04-13T16:10:10+00:00\",\"description\":\"Sweet Cream \u00e8 ultima novit\u00e0 in casa Siag per offrire un break fresco e veloce dal gusto inconfondibile del nostro caff\u00e8: acquistala ora dal nostro sito!\",\"breadcrumb\":{\"@id\":\"https:\/\/www.siagcaffe.it\/shop\/prodotto\/sweet-coffee-cream-crema-caffe-fredda\/#breadcrumb\"},\"inLanguage\":\"it-IT\",\"potentialAction\":[{\"@type\":\"ReadAction\",\"target\":[\"https:\/\/www.siagcaffe.it\/shop\/prodotto\/sweet-coffee-cream-crema-caffe-fredda\/\"]}]},{\"@type\":\"ImageObject\",\"inLanguage\":\"it-IT\",\"@id\":\"https:\/\/www.siagcaffe.it\/shop\/prodotto\/sweet-coffee-cream-crema-caffe-fredda\/#primaryimage\",\"url\":\"https:\/\/www.siagcaffe.it\/shop\/wp-content\/uploads\/2023\/06\/sweet-coffee-cream.jpg\",\"contentUrl\":\"https:\/\/www.siagcaffe.it\/shop\/wp-content\/uploads\/2023\/06\/sweet-coffee-cream.jpg\",\"width\":942,\"height\":942},{\"@type\":\"BreadcrumbList\",\"@id\":\"https:\/\/www.siagcaffe.it\/shop\/prodotto\/sweet-coffee-cream-crema-caffe-fredda\/#breadcrumb\",\"itemListElement\":[{\"@type\":\"ListItem\",\"position\":1,\"name\":\"Home\",\"item\":\"https:\/\/www.siagcaffe.it\/shop\/\"},{\"@type\":\"ListItem\",\"position\":2,\"name\":\"Negozio\",\"item\":\"https:\/\/www.siagcaffe.it\/shop\/negozio\/\"},{\"@type\":\"ListItem\",\"position\":3,\"name\":\"Sweet Coffee Cream &#8211; Crema Caff\u00e8 Fredda\"}]},{\"@type\":\"WebSite\",\"@id\":\"https:\/\/www.siagcaffe.it\/shop\/#website\",\"url\":\"https:\/\/www.siagcaffe.it\/shop\/\",\"name\":\"Caff\u00e8 Siag\",\"description\":\"Caff\u00e8 Siag: caff\u00e8 in calde, in grani, macinato dalla grande tradizione napoletana. Acquista dal nostro Sito Web!\",\"publisher\":{\"@id\":\"https:\/\/www.siagcaffe.it\/shop\/#organization\"},\"potentialAction\":[{\"@type\":\"SearchAction\",\"target\":{\"@type\":\"EntryPoint\",\"urlTemplate\":\"https:\/\/www.siagcaffe.it\/shop\/?s={search_term_string}\"},\"query-input\":{\"@type\":\"PropertyValueSpecification\",\"valueRequired\":true,\"valueName\":\"search_term_string\"}}],\"inLanguage\":\"it-IT\"},{\"@type\":\"Organization\",\"@id\":\"https:\/\/www.siagcaffe.it\/shop\/#organization\",\"name\":\"Caff\u00e8 Siag\",\"url\":\"https:\/\/www.siagcaffe.it\/shop\/\",\"logo\":{\"@type\":\"ImageObject\",\"inLanguage\":\"it-IT\",\"@id\":\"https:\/\/www.siagcaffe.it\/shop\/#\/schema\/logo\/image\/\",\"url\":\"https:\/\/www.siagcaffe.it\/shop\/wp-content\/uploads\/2023\/06\/logo.png\",\"contentUrl\":\"https:\/\/www.siagcaffe.it\/shop\/wp-content\/uploads\/2023\/06\/logo.png\",\"width\":1000,\"height\":1000,\"caption\":\"Caff\u00e8 Siag\"},\"image\":{\"@id\":\"https:\/\/www.siagcaffe.it\/shop\/#\/schema\/logo\/image\/\"},\"sameAs\":[\"https:\/\/www.facebook.com\/SiagCaffeOfficial\",\"https:\/\/www.instagram.com\/siagcaffe\/\"]}]}<\/script>\n<!-- \/ Yoast SEO plugin. -->","yoast_head_json":{"title":"Sweet Coffee Cream - Crema Caff\u00e8 Fredda - Caff\u00e8 Siag","description":"Sweet Cream \u00e8 ultima novit\u00e0 in casa Siag per offrire un break fresco e veloce dal gusto inconfondibile del nostro caff\u00e8: acquistala ora dal nostro sito!","robots":{"index":"index","follow":"follow","max-snippet":"max-snippet:-1","max-image-preview":"max-image-preview:large","max-video-preview":"max-video-preview:-1"},"canonical":"https:\/\/www.siagcaffe.it\/shop\/prodotto\/sweet-coffee-cream-crema-caffe-fredda\/","og_locale":"it_IT","og_type":"article","og_title":"Sweet Coffee Cream - Crema Caff\u00e8 Fredda - Caff\u00e8 Siag","og_description":"Sweet Cream \u00e8 ultima novit\u00e0 in casa Siag per offrire un break fresco e veloce dal gusto inconfondibile del nostro caff\u00e8: acquistala ora dal nostro sito!","og_url":"https:\/\/www.siagcaffe.it\/shop\/prodotto\/sweet-coffee-cream-crema-caffe-fredda\/","og_site_name":"Caff\u00e8 Siag","article_publisher":"https:\/\/www.facebook.com\/SiagCaffeOfficial","article_modified_time":"2026-04-13T16:10:10+00:00","og_image":[{"width":942,"height":942,"url":"https:\/\/www.siagcaffe.it\/shop\/wp-content\/uploads\/2023\/06\/sweet-coffee-cream.jpg","type":"image\/jpeg"}],"twitter_card":"summary_large_image","twitter_misc":{"Tempo di lettura stimato":"1 minuto"},"schema":{"@context":"https:\/\/schema.org","@graph":[{"@type":"WebPage","@id":"https:\/\/www.siagcaffe.it\/shop\/prodotto\/sweet-coffee-cream-crema-caffe-fredda\/","url":"https:\/\/www.siagcaffe.it\/shop\/prodotto\/sweet-coffee-cream-crema-caffe-fredda\/","name":"Sweet Coffee Cream - Crema Caff\u00e8 Fredda - Caff\u00e8 Siag","isPartOf":{"@id":"https:\/\/www.siagcaffe.it\/shop\/#website"},"primaryImageOfPage":{"@id":"https:\/\/www.siagcaffe.it\/shop\/prodotto\/sweet-coffee-cream-crema-caffe-fredda\/#primaryimage"},"image":{"@id":"https:\/\/www.siagcaffe.it\/shop\/prodotto\/sweet-coffee-cream-crema-caffe-fredda\/#primaryimage"},"thumbnailUrl":"https:\/\/www.siagcaffe.it\/shop\/wp-content\/uploads\/2023\/06\/sweet-coffee-cream.jpg","datePublished":"2023-06-15T03:08:50+00:00","dateModified":"2026-04-13T16:10:10+00:00","description":"Sweet Cream \u00e8 ultima novit\u00e0 in casa Siag per offrire un break fresco e veloce dal gusto inconfondibile del nostro caff\u00e8: acquistala ora dal nostro sito!","breadcrumb":{"@id":"https:\/\/www.siagcaffe.it\/shop\/prodotto\/sweet-coffee-cream-crema-caffe-fredda\/#breadcrumb"},"inLanguage":"it-IT","potentialAction":[{"@type":"ReadAction","target":["https:\/\/www.siagcaffe.it\/shop\/prodotto\/sweet-coffee-cream-crema-caffe-fredda\/"]}]},{"@type":"ImageObject","inLanguage":"it-IT","@id":"https:\/\/www.siagcaffe.it\/shop\/prodotto\/sweet-coffee-cream-crema-caffe-fredda\/#primaryimage","url":"https:\/\/www.siagcaffe.it\/shop\/wp-content\/uploads\/2023\/06\/sweet-coffee-cream.jpg","contentUrl":"https:\/\/www.siagcaffe.it\/shop\/wp-content\/uploads\/2023\/06\/sweet-coffee-cream.jpg","width":942,"height":942},{"@type":"BreadcrumbList","@id":"https:\/\/www.siagcaffe.it\/shop\/prodotto\/sweet-coffee-cream-crema-caffe-fredda\/#breadcrumb","itemListElement":[{"@type":"ListItem","position":1,"name":"Home","item":"https:\/\/www.siagcaffe.it\/shop\/"},{"@type":"ListItem","position":2,"name":"Negozio","item":"https:\/\/www.siagcaffe.it\/shop\/negozio\/"},{"@type":"ListItem","position":3,"name":"Sweet Coffee Cream &#8211; Crema Caff\u00e8 Fredda"}]},{"@type":"WebSite","@id":"https:\/\/www.siagcaffe.it\/shop\/#website","url":"https:\/\/www.siagcaffe.it\/shop\/","name":"Caff\u00e8 Siag","description":"Caff\u00e8 Siag: caff\u00e8 in calde, in grani, macinato dalla grande tradizione napoletana. Acquista dal nostro Sito Web!","publisher":{"@id":"https:\/\/www.siagcaffe.it\/shop\/#organization"},"potentialAction":[{"@type":"SearchAction","target":{"@type":"EntryPoint","urlTemplate":"https:\/\/www.siagcaffe.it\/shop\/?s={search_term_string}"},"query-input":{"@type":"PropertyValueSpecification","valueRequired":true,"valueName":"search_term_string"}}],"inLanguage":"it-IT"},{"@type":"Organization","@id":"https:\/\/www.siagcaffe.it\/shop\/#organization","name":"Caff\u00e8 Siag","url":"https:\/\/www.siagcaffe.it\/shop\/","logo":{"@type":"ImageObject","inLanguage":"it-IT","@id":"https:\/\/www.siagcaffe.it\/shop\/#\/schema\/logo\/image\/","url":"https:\/\/www.siagcaffe.it\/shop\/wp-content\/uploads\/2023\/06\/logo.png","contentUrl":"https:\/\/www.siagcaffe.it\/shop\/wp-content\/uploads\/2023\/06\/logo.png","width":1000,"height":1000,"caption":"Caff\u00e8 Siag"},"image":{"@id":"https:\/\/www.siagcaffe.it\/shop\/#\/schema\/logo\/image\/"},"sameAs":["https:\/\/www.facebook.com\/SiagCaffeOfficial","https:\/\/www.instagram.com\/siagcaffe\/"]}]}},"_links":{"self":[{"href":"https:\/\/www.siagcaffe.it\/shop\/wp-json\/wp\/v2\/product\/56","targetHints":{"allow":["GET"]}}],"collection":[{"href":"https:\/\/www.siagcaffe.it\/shop\/wp-json\/wp\/v2\/product"}],"about":[{"href":"https:\/\/www.siagcaffe.it\/shop\/wp-json\/wp\/v2\/types\/product"}],"replies":[{"embeddable":true,"href":"https:\/\/www.siagcaffe.it\/shop\/wp-json\/wp\/v2\/comments?post=56"}],"wp:featuredmedia":[{"embeddable":true,"href":"https:\/\/www.siagcaffe.it\/shop\/wp-json\/wp\/v2\/media\/57"}],"wp:attachment":[{"href":"https:\/\/www.siagcaffe.it\/shop\/wp-json\/wp\/v2\/media?parent=56"}],"wp:term":[{"taxonomy":"product_brand","embeddable":true,"href":"https:\/\/www.siagcaffe.it\/shop\/wp-json\/wp\/v2\/product_brand?post=56"},{"taxonomy":"product_cat","embeddable":true,"href":"https:\/\/www.siagcaffe.it\/shop\/wp-json\/wp\/v2\/product_cat?post=56"},{"taxonomy":"product_tag","embeddable":true,"href":"https:\/\/www.siagcaffe.it\/shop\/wp-json\/wp\/v2\/product_tag?post=56"}],"curies":[{"name":"wp","href":"https:\/\/api.w.org\/{rel}","templated":true}]}}